{"id":130,"date":"2023-12-30T12:26:28","date_gmt":"2023-12-30T11:26:28","guid":{"rendered":"https:\/\/www.likeproregio.hu\/?page_id=130"},"modified":"2023-12-30T14:38:07","modified_gmt":"2023-12-30T13:38:07","slug":"wordpress","status":"publish","type":"page","link":"https:\/\/www.likeproregio.hu\/index.php\/wordpress\/","title":{"rendered":"WordPress"},"content":{"rendered":"\t\t<div data-elementor-type=\"wp-page\" data-elementor-id=\"130\" class=\"elementor elementor-130\">\n\t\t\t\t\t\t\t<div class=\"elementor-element elementor-element-377adcb e-flex e-con-boxed e-con e-parent\" data-id=\"377adcb\" data-element_type=\"container\" data-settings=\"{&quot;content_width&quot;:&quot;boxed&quot;}\" data-core-v316-plus=\"true\">\n\t\t\t\t\t<div class=\"e-con-inner\">\n\t\t\t\t<div class=\"elementor-element elementor-element-d6619cc elementor-widget elementor-widget-spacer\" data-id=\"d6619cc\" data-element_type=\"widget\" data-widget_type=\"spacer.default\">\n\t\t\t\t<div class=\"elementor-widget-container\">\n\t\t\t<style>\/*! elementor - v3.18.0 - 08-12-2023 *\/\n.elementor-column .elementor-spacer-inner{height:var(--spacer-size)}.e-con{--container-widget-width:100%}.e-con-inner>.elementor-widget-spacer,.e-con>.elementor-widget-spacer{width:var(--container-widget-width,var(--spacer-size));--align-self:var(--container-widget-align-self,initial);--flex-shrink:0}.e-con-inner>.elementor-widget-spacer>.elementor-widget-container,.e-con>.elementor-widget-spacer>.elementor-widget-container{height:100%;width:100%}.e-con-inner>.elementor-widget-spacer>.elementor-widget-container>.elementor-spacer,.e-con>.elementor-widget-spacer>.elementor-widget-container>.elementor-spacer{height:100%}.e-con-inner>.elementor-widget-spacer>.elementor-widget-container>.elementor-spacer>.elementor-spacer-inner,.e-con>.elementor-widget-spacer>.elementor-widget-container>.elementor-spacer>.elementor-spacer-inner{height:var(--container-widget-height,var(--spacer-size))}.e-con-inner>.elementor-widget-spacer.elementor-widget-empty,.e-con>.elementor-widget-spacer.elementor-widget-empty{position:relative;min-height:22px;min-width:22px}.e-con-inner>.elementor-widget-spacer.elementor-widget-empty .elementor-widget-empty-icon,.e-con>.elementor-widget-spacer.elementor-widget-empty .elementor-widget-empty-icon{position:absolute;top:0;bottom:0;left:0;right:0;margin:auto;padding:0;width:22px;height:22px}<\/style>\t\t<div class=\"elementor-spacer\">\n\t\t\t<div class=\"elementor-spacer-inner\"><\/div>\n\t\t<\/div>\n\t\t\t\t<\/div>\n\t\t\t\t<\/div>\n\t\t\t\t\t<\/div>\n\t\t\t\t<\/div>\n\t\t<div class=\"elementor-element elementor-element-38d3bcc e-flex e-con-boxed e-con e-parent\" data-id=\"38d3bcc\" data-element_type=\"container\" data-settings=\"{&quot;content_width&quot;:&quot;boxed&quot;}\" data-core-v316-plus=\"true\">\n\t\t\t\t\t<div class=\"e-con-inner\">\n\t\t\t\t<div class=\"elementor-element elementor-element-b8b3fcf elementor-widget elementor-widget-heading\" data-id=\"b8b3fcf\" data-element_type=\"widget\" data-widget_type=\"heading.default\">\n\t\t\t\t<div class=\"elementor-widget-container\">\n\t\t\t<style>\/*! elementor - v3.18.0 - 08-12-2023 *\/\n.elementor-heading-title{padding:0;margin:0;line-height:1}.elementor-widget-heading .elementor-heading-title[class*=elementor-size-]>a{color:inherit;font-size:inherit;line-height:inherit}.elementor-widget-heading .elementor-heading-title.elementor-size-small{font-size:15px}.elementor-widget-heading .elementor-heading-title.elementor-size-medium{font-size:19px}.elementor-widget-heading .elementor-heading-title.elementor-size-large{font-size:29px}.elementor-widget-heading .elementor-heading-title.elementor-size-xl{font-size:39px}.elementor-widget-heading .elementor-heading-title.elementor-size-xxl{font-size:59px}<\/style><h2 class=\"elementor-heading-title elementor-size-default\">WordPress k\u00e9pz\u00e9s<\/h2>\t\t<\/div>\n\t\t\t\t<\/div>\n\t\t\t\t\t<\/div>\n\t\t\t\t<\/div>\n\t\t<div class=\"elementor-element elementor-element-013980c e-flex e-con-boxed e-con e-parent\" data-id=\"013980c\" data-element_type=\"container\" data-settings=\"{&quot;content_width&quot;:&quot;boxed&quot;}\" data-core-v316-plus=\"true\">\n\t\t\t\t\t<div class=\"e-con-inner\">\n\t\t<div class=\"elementor-element elementor-element-7be4e49 e-con-full e-flex e-con e-child\" data-id=\"7be4e49\" data-element_type=\"container\" data-settings=\"{&quot;content_width&quot;:&quot;full&quot;}\">\n\t\t\t\t<div class=\"elementor-element elementor-element-b21bb94 elementor-widget elementor-widget-image\" data-id=\"b21bb94\" data-element_type=\"widget\" data-widget_type=\"image.default\">\n\t\t\t\t<div class=\"elementor-widget-container\">\n\t\t\t<style>\/*! elementor - v3.18.0 - 08-12-2023 *\/\n.elementor-widget-image{text-align:center}.elementor-widget-image a{display:inline-block}.elementor-widget-image a img[src$=\".svg\"]{width:48px}.elementor-widget-image img{vertical-align:middle;display:inline-block}<\/style>\t\t\t\t\t\t\t\t\t\t\t\t<img fetchpriority=\"high\" decoding=\"async\" width=\"800\" height=\"427\" src=\"https:\/\/www.likeproregio.hu\/wp-content\/uploads\/2023\/12\/wordpress-581849_1280-1024x546.jpg\" class=\"attachment-large size-large wp-image-136\" alt=\"wordpress\" srcset=\"https:\/\/www.likeproregio.hu\/wp-content\/uploads\/2023\/12\/wordpress-581849_1280-1024x546.jpg 1024w, https:\/\/www.likeproregio.hu\/wp-content\/uploads\/2023\/12\/wordpress-581849_1280-300x160.jpg 300w, https:\/\/www.likeproregio.hu\/wp-content\/uploads\/2023\/12\/wordpress-581849_1280-768x409.jpg 768w, https:\/\/www.likeproregio.hu\/wp-content\/uploads\/2023\/12\/wordpress-581849_1280.jpg 1280w\" sizes=\"(max-width: 800px) 100vw, 800px\" \/>\t\t\t\t\t\t\t\t\t\t\t\t\t\t\t<\/div>\n\t\t\t\t<\/div>\n\t\t\t\t<\/div>\n\t\t<div class=\"elementor-element elementor-element-1f3b42d e-con-full e-flex e-con e-child\" data-id=\"1f3b42d\" data-element_type=\"container\" data-settings=\"{&quot;content_width&quot;:&quot;full&quot;}\">\n\t\t\t\t<div class=\"elementor-element elementor-element-ddef38e elementor-widget elementor-widget-text-editor\" data-id=\"ddef38e\" data-element_type=\"widget\" data-widget_type=\"text-editor.default\">\n\t\t\t\t<div class=\"elementor-widget-container\">\n\t\t\t<style>\/*! elementor - v3.18.0 - 08-12-2023 *\/\n.elementor-widget-text-editor.elementor-drop-cap-view-stacked .elementor-drop-cap{background-color:#69727d;color:#fff}.elementor-widget-text-editor.elementor-drop-cap-view-framed .elementor-drop-cap{color:#69727d;border:3px solid;background-color:transparent}.elementor-widget-text-editor:not(.elementor-drop-cap-view-default) .elementor-drop-cap{margin-top:8px}.elementor-widget-text-editor:not(.elementor-drop-cap-view-default) .elementor-drop-cap-letter{width:1em;height:1em}.elementor-widget-text-editor .elementor-drop-cap{float:left;text-align:center;line-height:1;font-size:50px}.elementor-widget-text-editor .elementor-drop-cap-letter{display:inline-block}<\/style>\t\t\t\t<p>A WordPress k\u00e9pz\u00e9s online lehet\u0151s\u00e9gek\u00e9nt sz\u00e1mos el\u0151nyt k\u00edn\u00e1l. Tanfolyamokon kereszt\u00fcl megtanulhatod a WordPress alapjait, bele\u00e9rtve a webhely l\u00e9trehoz\u00e1s\u00e1t, testreszab\u00e1s\u00e1t \u00e9s kezel\u00e9s\u00e9t.<\/p><p><strong>\u00a0\u00a0\u00a0\u00a0\u00a0\u00a0\u00a0\u00a0\u00a0\u00a0\u00a0\u00a0\u00a0\u00a0\u00a0\u00a0\u00a0\u00a0\u00a0\u00a0\u00a0\u00a0\u00a0\u00a0\u00a0\u00a0\u00a0\u00a0\u00a0\u00a0\u00a0\u00a0\u00a0 Az \u00f3r\u00e1k \u00e9l\u0151 zoomos k\u00e9pz\u00e9sek!<\/strong><\/p>\t\t\t\t\t\t<\/div>\n\t\t\t\t<\/div>\n\t\t\t\t<\/div>\n\t\t\t\t\t<\/div>\n\t\t\t\t<\/div>\n\t\t<div class=\"elementor-element elementor-element-3262b1b e-flex e-con-boxed e-con e-parent\" data-id=\"3262b1b\" data-element_type=\"container\" data-settings=\"{&quot;background_background&quot;:&quot;classic&quot;,&quot;content_width&quot;:&quot;boxed&quot;}\" data-core-v316-plus=\"true\">\n\t\t\t\t\t<div class=\"e-con-inner\">\n\t\t\t\t<div class=\"elementor-element elementor-element-66e079d elementor-widget elementor-widget-heading\" data-id=\"66e079d\" data-element_type=\"widget\" data-widget_type=\"heading.default\">\n\t\t\t\t<div class=\"elementor-widget-container\">\n\t\t\t<h2 class=\"elementor-heading-title elementor-size-default\">MIT NY\u00daJT NEKED WORDPRESS K\u00c9PZ\u00c9S\u00dcNK?<\/h2>\t\t<\/div>\n\t\t\t\t<\/div>\n\t\t\t\t\t<\/div>\n\t\t\t\t<\/div>\n\t\t<div class=\"elementor-element elementor-element-e069512 e-flex e-con-boxed e-con e-parent\" data-id=\"e069512\" data-element_type=\"container\" data-settings=\"{&quot;content_width&quot;:&quot;boxed&quot;}\" data-core-v316-plus=\"true\">\n\t\t\t\t\t<div class=\"e-con-inner\">\n\t\t<div class=\"elementor-element elementor-element-ee9d32e e-con-full e-flex e-con e-child\" data-id=\"ee9d32e\" data-element_type=\"container\" data-settings=\"{&quot;content_width&quot;:&quot;full&quot;}\">\n\t\t\t\t<div class=\"elementor-element elementor-element-0106665 elementor-widget elementor-widget-text-editor\" data-id=\"0106665\" data-element_type=\"widget\" data-widget_type=\"text-editor.default\">\n\t\t\t\t<div class=\"elementor-widget-container\">\n\t\t\t\t\t\t\t<p>Az interakt\u00edv oktat\u00e1si form\u00e1tumok seg\u00edtenek a gyakorlati k\u00e9szs\u00e9geid fejleszt\u00e9s\u00e9ben, mik\u00f6zben felfedezed a t\u00e9m\u00e1val kapcsolatos legfrissebb trendeket \u00e9s technol\u00f3gi\u00e1kat.<\/p>\t\t\t\t\t\t<\/div>\n\t\t\t\t<\/div>\n\t\t\t\t<\/div>\n\t\t<div class=\"elementor-element elementor-element-9a23b04 e-con-full e-flex e-con e-child\" data-id=\"9a23b04\" data-element_type=\"container\" data-settings=\"{&quot;content_width&quot;:&quot;full&quot;}\">\n\t\t\t\t<div class=\"elementor-element elementor-element-f38f338 elementor-widget elementor-widget-image\" data-id=\"f38f338\" data-element_type=\"widget\" data-widget_type=\"image.default\">\n\t\t\t\t<div class=\"elementor-widget-container\">\n\t\t\t\t\t\t\t\t\t\t\t\t\t\t\t<img decoding=\"async\" width=\"800\" height=\"534\" src=\"https:\/\/www.likeproregio.hu\/wp-content\/uploads\/2023\/12\/pexels-fauxels-3182797-1-1024x683.jpg\" class=\"attachment-large size-large wp-image-138\" alt=\"\" srcset=\"https:\/\/www.likeproregio.hu\/wp-content\/uploads\/2023\/12\/pexels-fauxels-3182797-1-1024x683.jpg 1024w, https:\/\/www.likeproregio.hu\/wp-content\/uploads\/2023\/12\/pexels-fauxels-3182797-1-300x200.jpg 300w, https:\/\/www.likeproregio.hu\/wp-content\/uploads\/2023\/12\/pexels-fauxels-3182797-1-768x513.jpg 768w, https:\/\/www.likeproregio.hu\/wp-content\/uploads\/2023\/12\/pexels-fauxels-3182797-1-1536x1025.jpg 1536w, https:\/\/www.likeproregio.hu\/wp-content\/uploads\/2023\/12\/pexels-fauxels-3182797-1-2048x1367.jpg 2048w\" sizes=\"(max-width: 800px) 100vw, 800px\" \/>\t\t\t\t\t\t\t\t\t\t\t\t\t\t\t<\/div>\n\t\t\t\t<\/div>\n\t\t\t\t<\/div>\n\t\t\t\t\t<\/div>\n\t\t\t\t<\/div>\n\t\t<div class=\"elementor-element elementor-element-01522aa e-flex e-con-boxed e-con e-parent\" data-id=\"01522aa\" data-element_type=\"container\" data-settings=\"{&quot;content_width&quot;:&quot;boxed&quot;}\" data-core-v316-plus=\"true\">\n\t\t\t\t\t<div class=\"e-con-inner\">\n\t\t<div class=\"elementor-element elementor-element-4195e5e e-con-full e-flex e-con e-child\" data-id=\"4195e5e\" data-element_type=\"container\" data-settings=\"{&quot;content_width&quot;:&quot;full&quot;}\">\n\t\t\t\t<div class=\"elementor-element elementor-element-d65ddcd elementor-widget elementor-widget-image\" data-id=\"d65ddcd\" data-element_type=\"widget\" data-widget_type=\"image.default\">\n\t\t\t\t<div class=\"elementor-widget-container\">\n\t\t\t\t\t\t\t\t\t\t\t\t\t\t\t<img decoding=\"async\" width=\"800\" height=\"533\" src=\"https:\/\/www.likeproregio.hu\/wp-content\/uploads\/2023\/12\/colorful-2137080_1280-1024x682.jpg\" class=\"attachment-large size-large wp-image-140\" alt=\"\" srcset=\"https:\/\/www.likeproregio.hu\/wp-content\/uploads\/2023\/12\/colorful-2137080_1280-1024x682.jpg 1024w, https:\/\/www.likeproregio.hu\/wp-content\/uploads\/2023\/12\/colorful-2137080_1280-300x200.jpg 300w, https:\/\/www.likeproregio.hu\/wp-content\/uploads\/2023\/12\/colorful-2137080_1280-768x512.jpg 768w, https:\/\/www.likeproregio.hu\/wp-content\/uploads\/2023\/12\/colorful-2137080_1280.jpg 1280w\" sizes=\"(max-width: 800px) 100vw, 800px\" \/>\t\t\t\t\t\t\t\t\t\t\t\t\t\t\t<\/div>\n\t\t\t\t<\/div>\n\t\t\t\t<\/div>\n\t\t<div class=\"elementor-element elementor-element-f150bb8 e-con-full e-flex e-con e-child\" data-id=\"f150bb8\" data-element_type=\"container\" data-settings=\"{&quot;content_width&quot;:&quot;full&quot;}\">\n\t\t\t\t<div class=\"elementor-element elementor-element-f47d6a3 elementor-widget elementor-widget-text-editor\" data-id=\"f47d6a3\" data-element_type=\"widget\" data-widget_type=\"text-editor.default\">\n\t\t\t\t<div class=\"elementor-widget-container\">\n\t\t\t\t\t\t\t<p>A szak\u00e9rt\u0151i mentorok \u00e1ltal ny\u00fajtott t\u00e1mogat\u00e1s r\u00e9v\u00e9n gyorsabban \u00e9s hat\u00e9konyabban saj\u00e1t\u00edthatod el a WordPress haszn\u00e1lat\u00e1t, \u00e9s magabiztosan alkalmazhatod a tanultakat saj\u00e1t projektjeidben vagy \u00fcgyfelek webhelyein.<\/p>\t\t\t\t\t\t<\/div>\n\t\t\t\t<\/div>\n\t\t\t\t<\/div>\n\t\t\t\t\t<\/div>\n\t\t\t\t<\/div>\n\t\t<div class=\"elementor-element elementor-element-a43f419 e-flex e-con-boxed e-con e-parent\" data-id=\"a43f419\" data-element_type=\"container\" data-settings=\"{&quot;content_width&quot;:&quot;boxed&quot;}\" data-core-v316-plus=\"true\">\n\t\t\t\t\t<div class=\"e-con-inner\">\n\t\t\t\t<div class=\"elementor-element elementor-element-fdadcd5 elementor-widget elementor-widget-button\" data-id=\"fdadcd5\" data-element_type=\"widget\" data-widget_type=\"button.default\">\n\t\t\t\t<div class=\"elementor-widget-container\">\n\t\t\t\t\t<div class=\"elementor-button-wrapper\">\n\t\t\t<a class=\"elementor-button elementor-button-link elementor-size-sm\" href=\"https:\/\/www.likeproregio.hu\/\">\n\t\t\t\t\t\t<span class=\"elementor-button-content-wrapper\">\n\t\t\t\t\t\t<span class=\"elementor-button-text\">Vissza<\/span>\n\t\t<\/span>\n\t\t\t\t\t<\/a>\n\t\t<\/div>\n\t\t\t\t<\/div>\n\t\t\t\t<\/div>\n\t\t\t\t\t<\/div>\n\t\t\t\t<\/div>\n\t\t\t\t\t\t\t<\/div>\n\t\t","protected":false},"excerpt":{"rendered":"<p>WordPress k\u00e9pz\u00e9s A WordPress k\u00e9pz\u00e9s online lehet\u0151s\u00e9gek\u00e9nt sz\u00e1mos el\u0151nyt k\u00edn\u00e1l. Tanfolyamokon kereszt\u00fcl megtanulhatod a WordPress alapjait, bele\u00e9rtve a webhely l\u00e9trehoz\u00e1s\u00e1t, testreszab\u00e1s\u00e1t \u00e9s kezel\u00e9s\u00e9t. \u00a0\u00a0\u00a0\u00a0\u00a0\u00a0\u00a0\u00a0\u00a0\u00a0\u00a0\u00a0\u00a0\u00a0\u00a0\u00a0\u00a0\u00a0\u00a0\u00a0\u00a0\u00a0\u00a0\u00a0\u00a0\u00a0\u00a0\u00a0\u00a0\u00a0\u00a0\u00a0\u00a0 Az \u00f3r\u00e1k \u00e9l\u0151 zoomos k\u00e9pz\u00e9sek! MIT NY\u00daJT NEKED WORDPRESS K\u00c9PZ\u00c9S\u00dcNK? Az interakt\u00edv oktat\u00e1si form\u00e1tumok seg\u00edtenek a gyakorlati k\u00e9szs\u00e9geid fejleszt\u00e9s\u00e9ben, mik\u00f6zben felfedezed a t\u00e9m\u00e1val kapcsolatos legfrissebb trendeket \u00e9s technol\u00f3gi\u00e1kat. A szak\u00e9rt\u0151i mentorok [&hellip;]<\/p>\n","protected":false},"author":1,"featured_media":0,"parent":0,"menu_order":0,"comment_status":"closed","ping_status":"closed","template":"elementor_header_footer","meta":{"footnotes":""},"_links":{"self":[{"href":"https:\/\/www.likeproregio.hu\/index.php\/wp-json\/wp\/v2\/pages\/130"}],"collection":[{"href":"https:\/\/www.likeproregio.hu\/index.php\/wp-json\/wp\/v2\/pages"}],"about":[{"href":"https:\/\/www.likeproregio.hu\/index.php\/wp-json\/wp\/v2\/types\/page"}],"author":[{"embeddable":true,"href":"https:\/\/www.likeproregio.hu\/index.php\/wp-json\/wp\/v2\/users\/1"}],"replies":[{"embeddable":true,"href":"https:\/\/www.likeproregio.hu\/index.php\/wp-json\/wp\/v2\/comments?post=130"}],"version-history":[{"count":4,"href":"https:\/\/www.likeproregio.hu\/index.php\/wp-json\/wp\/v2\/pages\/130\/revisions"}],"predecessor-version":[{"id":143,"href":"https:\/\/www.likeproregio.hu\/index.php\/wp-json\/wp\/v2\/pages\/130\/revisions\/143"}],"wp:attachment":[{"href":"https:\/\/www.likeproregio.hu\/index.php\/wp-json\/wp\/v2\/media?parent=130"}],"curies":[{"name":"wp","href":"https:\/\/api.w.org\/{rel}","templated":true}]}}